9, 137, 451657
What are the prime factors of 59963288?
2, 7, 11, 311, 313
What are the prime factors of 422179954?
2, 7, 30155711
What are the prime factors of 3088576875?
3, 5, 1647241
What are the prime factors of 3959605?
5, 13, 60917
What are the prime factors of 672562173?
3, 4243, 52837
List the prime factors of 112582416.
2, 3, 37, 63391
What are the prime factors of 595932292?
2, 148983073
What are the prime factors of 564706821?
3, 7, 29, 139, 953
What are the prime factors of 99124490?
2, 5, 67, 197, 751
List the prime factors of 31395897.
3, 13, 23, 3889
What are the prime factors of 398432867?
7, 193, 42131
What are the prime factors of 48662743?
19, 197, 13001
List the prime factors of 306600288.
2, 3, 173, 18461
What are the prime factors of 171086836?
2, 89, 109, 4409
What are the prime factors of 14806071?
3, 7, 26113
List the prime factors of 21841358.
2, 7, 11, 20261
List the prime factors of 700534920.
2, 3, 5, 23, 53, 4789
List the prime factors of 39655288.
2, 17, 43, 6781
What are the prime factors of 10237291?
313, 32707
List the prime factors of 3770160988.
2, 11, 1531, 55967
List the prime factors of 4662172758.
2, 3, 113, 6876361
List the prime factors of 57978799.
4021, 14419
List the prime factors of 573383362.
2, 47, 53, 71, 1621
List the prime factors of 5190760750.
2, 5, 7, 23, 29, 4447
What are the prime factors of 963528313?
11, 2203, 39761
What are the prime factors of 53013203?
53013203
List the prime factors of 50476143.
3, 137, 191, 643
List the prime factors of 354395539.
317, 1117967
List the prime factors of 2303911418.
2, 109, 10568401
What are the prime factors of 103522244?
2, 7, 3697223
List the prime factors of 918951474.
2, 3, 7, 829, 26393
List the prime factors of 6058793814.
2, 3, 23, 1171, 37493
List the prime factors of 584441800.
2, 5, 2922209
List the prime factors of 141401334.
2, 3, 23566889
What are the prime factors of 34262884?
2, 8565721
List the prime factors of 15166262.
2, 79, 95989
List the prime factors of 42693939.
3, 1581257
What are the prime factors of 241059188?
2, 3697, 16301
What are the prime factors of 622450860?
2, 3, 5, 31, 334651
What are the prime factors of 9187926?
2, 3, 11, 73, 1907
What are the prime factors of 30206371?
13, 19, 29, 4217
List the prime factors of 346199335.
5, 23, 1559, 1931
List the prime factors of 298888996.
2, 7, 683, 15629
List the prime factors of 2795344406.
2, 1397672203
List the prime factors of 139895538.
2, 3, 23315923
What are the prime factors of 282318141?
3, 7, 443, 30347
What are the prime factors of 35512573?
97, 269, 1361
What are the prime factors of 577130732?
2, 4423, 32621
What are the prime factors of 1164314330?
2, 5, 29, 4014877
List the prime factors of 3494206539.
3, 73, 1772809
List the prime factors of 802267897.
802267897
List the prime factors of 24992693.
11, 29, 78347
List the prime factors of 5943153272.
2, 7, 787, 134851
List the prime factors of 65054531.
71, 916261
What are the prime factors of 133191928?
2, 16648991
List the prime factors of 530807410.
2, 5, 7, 83, 103, 887
List the prime factors of 330881589.
3, 257, 143053
List the prime factors of 539236063.
29, 18594347
List the prime factors of 347672819.
13, 151, 177113
List the prime factors of 581232931.
23, 569, 1931
List the prime factors of 635180182.
2, 7, 13, 1039, 3359
What are the prime factors of 2663168164?
2, 3617, 184073
What are the prime factors of 5085965?
5, 1017193
What are the prime factors of 1090920053?
571, 937, 2039
List the prime factors of 1228273421.
181, 6786041
List the prime factors of 386765791.
6221, 62171
List the prime factors of 1791320861.
11, 113, 1441127
What are the prime factors of 1009468704?
2, 3, 17, 618547
What are the prime factors of 38463862?
2, 457, 42083
What are the prime factors of 76538510?
2, 5, 593, 12907
List the prime factors of 3515729207.
97, 36244631
List the prime factors of 2458392115.
5, 491678423
What are the prime factors of 2131314057?
3, 236812673
List the prime factors of 1801594295.
5, 17, 31, 241, 2837
List the prime factors of 273989732.
2, 73, 521, 1801
List the prime factors of 1729996039.
1729996039
List the prime factors of 181813846.
2, 90906923
What are the prime factors of 495682693?
11, 3319, 13577
List the prime factors of 23702654.
2, 113, 104879
List the prime factors of 38077332.
2, 3, 47, 181, 373
List the prime factors of 43034056.
2, 13, 43, 9623
List the prime factors of 3754633663.
11, 15881, 21493
List the prime factors of 256196353.
7, 29, 6217
List the prime factors of 121856417.
59, 2065363
List the prime factors of 3141187440.
2, 3, 5, 13088281
What are the prime factors of 77831718?
2, 3, 47, 275999
What are the prime factors of 51213606?
2, 3, 887, 9623
List the prime factors of 29229952.
2, 228359
List the prime factors of 225543690.
2, 3, 5, 307, 907
List the prime factors of 168961851.
3, 19, 47, 21023
List the prime factors of 297096309.
3, 1117, 9851
List the prime factors of 163633323.
3, 7, 271, 28753
What are the prime factors of 1893421533?
3, 41, 1579, 9749
What are the prime factors of 2005618794?
2, 3, 157, 2129107
List the prime factors of 43975271.
79, 409, 1361
What are the prime factors of 1624609544?
2, 97, 523, 4003
What are the prime factors of 395687698?
2, 7, 28263407
What are the prime factors of 1529716707?
3, 2609, 65147
What are the prime factors of 51180913?
7, 1439, 5081
What are the prime factors of 4553217647?
11, 413928877
List the prime factors of 407028259.
11, 37002569
List the prime factors of 525970655.
5, 7, 47, 45677
List the prime factors of 98979848.
2, 11, 17, 109, 607
What are the prime factors of 1737657208?
2, 7, 633257
List the prime factors of 210362364.
2, 3, 43, 135893
What are the prime factors of 2225700770?
2, 5, 222570077
What are the prime factors of 85638422?
2, 41, 1044371
List the prime factors of 2307281200.
2, 5, 7, 824029
What are the prime factors of 3807111?
3, 7, 11, 16481
What are the prime factors of 716854225?
5, 23, 1246703
What are the prime factors of 425976456?
2, 3, 31, 572549
List the prime factors of 286069257.
3, 277, 114749
List the prime factors of 37413076.
2, 131, 71399
What are the prime factors of 1875239730?
2, 3, 5, 7, 13, 101, 2267
What are the prime factors of 614673722?
2, 13, 41, 576617
List the prime factors of 6602177579.
17, 18859, 20593
What are the prime factors of 3131270897?
71, 44102407
What are the prime factors of 774620164?
2, 17, 11391473
List the prime factors of 390227185.
5, 127, 614531
What are the prime factors of 5543523847?
19, 10177, 28669
List the prime factors of 47642427.
3, 7, 67, 11287
List the prime factors of 7412975.
5, 296519
What are the prime factors of 5011234260?
2, 3, 5, 83520571
List the prime factors of 3371585623.
7, 103, 397, 11779
What are the prime factors of 448808409?
3, 7, 37, 192539
List the prime factors of 531907061.
7, 349, 217727
What are the prime factors of 2548559625?
3, 5, 113, 137, 439
What are the prime factors of 1422952553?
11, 129359323
List the prime factors of 47390350.
2, 5, 7, 23, 29
What are the prime factors of 2538534413?
59, 79, 157, 3469
List the prime factors of 3570703885.
5, 7, 17, 23, 260921
What are the prime factors of 20929572?
2, 3, 581377
What are the prime factors of 133468249?
2699, 49451
List the prime factors of 71304160.
2, 5, 613, 727
What are the prime factors of 82861059?
3, 73, 378361
What are the prime factors of 33361627?
13, 2566279
What are the prime factors of 700872689?
11, 53, 1202183
List the prime factors of 5035972539.
3, 13, 129127501
What are the prime factors of 101327342?
2, 19, 151, 17659
List the prime factors of 551896616.
2, 2267, 30431
List the prime factors of 3093594602.
2, 7, 547, 403969
List the prime factors of 722182477.
61, 2621, 4517
List the prime factors of 2040436139.
7, 1181, 246817
What are the prime factors of 2547328221?
3, 283036469
What are the prime factors of 201382538?
2, 7, 14384467
What are the prime factors of 91123285?
5, 11, 150617
List the prime factors of 434693404.
2, 7541, 14411
List the prime factors of 1378078699.
151, 9126349
List the prime factors of 1378179787.
827, 1666481
List the prime factors of 1504781754.
2, 3, 7, 29, 41, 30133
List th